{"id":70,"date":"2026-04-13T14:37:34","date_gmt":"2026-04-13T14:37:34","guid":{"rendered":"https:\/\/nettenbegen.com\/?post_type=product&#038;p=70"},"modified":"2026-04-17T19:55:46","modified_gmt":"2026-04-17T19:55:46","slug":"faber-castell-tukenmez-kalem","status":"publish","type":"product","link":"https:\/\/nettenbegen.com\/?product=faber-castell-tukenmez-kalem","title":{"rendered":"Faber-Castell T\u00fckenmez Kalem"},"content":{"rendered":"<p data-start=\"1199\" data-end=\"1428\"><strong data-start=\"1199\" data-end=\"1233\">Kaliteli yaz\u0131m\u0131n vazge\u00e7ilmezi!<\/strong><br data-start=\"1233\" data-end=\"1236\" \/>Faber-Castell t\u00fckenmez kalem, ak\u0131c\u0131 m\u00fcrekkebi ve ergonomik yap\u0131s\u0131 ile hem \u00f6\u011frenciler hem de \u00e7al\u0131\u015fanlar i\u00e7in ideal bir se\u00e7imdir. Dayan\u0131kl\u0131 tasar\u0131m\u0131 sayesinde uzun s\u00fcre g\u00fcvenle kullan\u0131labilir.<\/p>\n<p data-start=\"1430\" data-end=\"1501\">\ud83d\udd8a\ufe0f P\u00fcr\u00fczs\u00fcz yaz\u0131m<br data-start=\"1448\" data-end=\"1451\" \/>\ud83d\udd8a\ufe0f Dayan\u0131kl\u0131 yap\u0131<br data-start=\"1469\" data-end=\"1472\" \/>\ud83d\udd8a\ufe0f Okul ve ofis i\u00e7in uygun<\/p>\n","protected":false},"excerpt":{"rendered":"<p><strong data-start=\"1199\" data-end=\"1233\">Kaliteli yaz\u0131m\u0131n vazge\u00e7ilmezi!<\/strong><\/p>\n","protected":false},"featured_media":77,"comment_status":"open","ping_status":"closed","template":"","meta":[],"product_brand":[21],"product_cat":[20,30],"product_tag":[],"class_list":{"0":"post-70","1":"product","2":"type-product","3":"status-publish","4":"has-post-thumbnail","6":"product_brand-faber-castell","7":"product_cat-kirtasiye","8":"product_cat-ofis-malzemeleri","10":"first","11":"instock","12":"featured","13":"taxable","14":"shipping-taxable","15":"purchasable","16":"product-type-simple"},"jetpack_sharing_enabled":true,"_links":{"self":[{"href":"https:\/\/nettenbegen.com\/index.php?rest_route=\/wp\/v2\/product\/70","targetHints":{"allow":["GET"]}}],"collection":[{"href":"https:\/\/nettenbegen.com\/index.php?rest_route=\/wp\/v2\/product"}],"about":[{"href":"https:\/\/nettenbegen.com\/index.php?rest_route=\/wp\/v2\/types\/product"}],"replies":[{"embeddable":true,"href":"https:\/\/nettenbegen.com\/index.php?rest_route=%2Fwp%2Fv2%2Fcomments&post=70"}],"wp:featuredmedia":[{"embeddable":true,"href":"https:\/\/nettenbegen.com\/index.php?rest_route=\/wp\/v2\/media\/77"}],"wp:attachment":[{"href":"https:\/\/nettenbegen.com\/index.php?rest_route=%2Fwp%2Fv2%2Fmedia&parent=70"}],"wp:term":[{"taxonomy":"product_brand","embeddable":true,"href":"https:\/\/nettenbegen.com\/index.php?rest_route=%2Fwp%2Fv2%2Fproduct_brand&post=70"},{"taxonomy":"product_cat","embeddable":true,"href":"https:\/\/nettenbegen.com\/index.php?rest_route=%2Fwp%2Fv2%2Fproduct_cat&post=70"},{"taxonomy":"product_tag","embeddable":true,"href":"https:\/\/nettenbegen.com\/index.php?rest_route=%2Fwp%2Fv2%2Fproduct_tag&post=70"}],"curies":[{"name":"wp","href":"https:\/\/api.w.org\/{rel}","templated":true}]}}