{"id":88,"date":"2026-04-13T17:39:07","date_gmt":"2026-04-13T17:39:07","guid":{"rendered":"https:\/\/nettenbegen.com\/?post_type=product&#038;p=88"},"modified":"2026-04-13T20:40:16","modified_gmt":"2026-04-13T20:40:16","slug":"uykudan-once-alti-masal","status":"publish","type":"product","link":"https:\/\/nettenbegen.com\/?product=uykudan-once-alti-masal","title":{"rendered":"Uykudan \u00d6nce Alt\u0131 Masal"},"content":{"rendered":"<p data-start=\"1253\" data-end=\"1425\">Minikler i\u00e7in e\u011flenceli ve \u00f6\u011fretici masallar bir arada!<br data-start=\"1308\" data-end=\"1311\" \/><strong data-start=\"1311\" data-end=\"1338\">Uykudan \u00d6nce Alt\u0131 Masal<\/strong> serisi, \u00e7ocuklar\u0131n hayal d\u00fcnyas\u0131n\u0131 geli\u015ftirirken keyifli vakit ge\u00e7irmelerini sa\u011flar.<\/p>\n<p data-start=\"1427\" data-end=\"1528\">\u2714 Renkli resimli<br data-start=\"1443\" data-end=\"1446\" \/>\u2714 E\u011fitici hik\u00e2yeler<br data-start=\"1465\" data-end=\"1468\" \/>\u2714 Uyku \u00f6ncesi okumaya uygun<br data-start=\"1495\" data-end=\"1498\" \/>\u2714 \u00c7ocuklar i\u00e7in ideal hediye<\/p>\n","protected":false},"excerpt":{"rendered":"<p><strong data-start=\"1311\" data-end=\"1338\">Uykudan \u00d6nce Alt\u0131 Masal<\/strong><\/p>\n","protected":false},"featured_media":89,"comment_status":"open","ping_status":"closed","template":"","meta":[],"product_brand":[],"product_cat":[29,35],"product_tag":[],"class_list":{"0":"post-88","1":"product","2":"type-product","3":"status-publish","4":"has-post-thumbnail","6":"product_cat-kitap","7":"product_cat-yeni-gelenler","9":"first","10":"instock","11":"taxable","12":"shipping-taxable","13":"purchasable","14":"product-type-simple"},"jetpack_sharing_enabled":true,"_links":{"self":[{"href":"https:\/\/nettenbegen.com\/index.php?rest_route=\/wp\/v2\/product\/88","targetHints":{"allow":["GET"]}}],"collection":[{"href":"https:\/\/nettenbegen.com\/index.php?rest_route=\/wp\/v2\/product"}],"about":[{"href":"https:\/\/nettenbegen.com\/index.php?rest_route=\/wp\/v2\/types\/product"}],"replies":[{"embeddable":true,"href":"https:\/\/nettenbegen.com\/index.php?rest_route=%2Fwp%2Fv2%2Fcomments&post=88"}],"wp:featuredmedia":[{"embeddable":true,"href":"https:\/\/nettenbegen.com\/index.php?rest_route=\/wp\/v2\/media\/89"}],"wp:attachment":[{"href":"https:\/\/nettenbegen.com\/index.php?rest_route=%2Fwp%2Fv2%2Fmedia&parent=88"}],"wp:term":[{"taxonomy":"product_brand","embeddable":true,"href":"https:\/\/nettenbegen.com\/index.php?rest_route=%2Fwp%2Fv2%2Fproduct_brand&post=88"},{"taxonomy":"product_cat","embeddable":true,"href":"https:\/\/nettenbegen.com\/index.php?rest_route=%2Fwp%2Fv2%2Fproduct_cat&post=88"},{"taxonomy":"product_tag","embeddable":true,"href":"https:\/\/nettenbegen.com\/index.php?rest_route=%2Fwp%2Fv2%2Fproduct_tag&post=88"}],"curies":[{"name":"wp","href":"https:\/\/api.w.org\/{rel}","templated":true}]}}